omposite?
True
Is 493011697 a composite number?
False
Is 52253182909 composite?
False
Is 42925231 composite?
False
Is 7076493569 a prime number?
False
Is 95075621 a prime number?
True
Is 2573377973 a composite number?
False
Is 265578057179 a prime number?
True
Is 389413091 a composite number?
False
Is 4752211843 a composite number?
False
Is 3443132467 a composite number?
True
Is 9419678309 a prime number?
False
Is 12450981437 prime?
False
Is 2120418673 a prime number?
True
Is 4116789727 prime?
True
Is 32771936426 prime?
False
Is 58538681 prime?
True
Is 237754193 prime?
False
Is 19203485377 a prime number?
False
Is 1782990917 a composite number?
True
Is 24633269426 a composite number?
True
Is 62403838919 composite?
True
Is 1099585001 prime?
True
Is 147509891 composite?
True
Is 3832816597 prime?
True
Is 125223157 composite?
False
Is 79002247001 composite?
False
Is 255358247 composite?
False
Is 5372441093 a composite number?
False
Is 4865882687 a prime number?
True
Is 912830549 a prime number?
True
Is 743314811 a prime number?
False
Is 5145390259 composite?
False
Is 56822857571 a prime number?
True
Is 47858294249 composite?
False
Is 24247293178 a composite number?
True
Is 4844038523 composite?
True
Is 2414632601 prime?
False
Is 2900646157 prime?
True
Is 2421212821 composite?
False
Is 607546297 a prime number?
True
Is 1311883943 a prime number?
True
Is 1421781331 a composite number?
False
Is 1668608023 prime?
True
Is 581811721 prime?
True
Is 7949885591 composite?
False
Is 1575964231 a composite number?
True
Is 492980221 prime?
True
Is 365552641 a prime number?
True
Is 8995745197 a prime number?
True
Is 35485472443 composite?
True
Is 30414917969 a prime number?
False
Is 861973597 composite?
True
Is 17525623667 composite?
False
Is 720334379 a prime number?
False
Is 85174725395 prime?
False
Is 16672504943 a composite number?
True
Is 387209729 composite?
False
Is 46702886023 composite?
False
Is 1385867793 a composite number?
True
Is 1449275039 composite?
False
Is 206540661 a prime number?
False
Is 525858113 a prime number?
False
Is 50813285587 composite?
False
Is 113960125667 composite?
True
Is 64014829301 a composite number?
False
Is 70079962883 a prime number?
False
Is 34762307 prime?
False
Is 73318997909 a composite number?
True
Is 1150633199 prime?
True
Is 9702675211 a prime number?
False
Is 26816575481 a prime number?
False
Is 22393019039 composite?
False
Is 2205083245 a composite number?
True
Is 1973474927 prime?
True
Is 15885216827 prime?
False
Is 2304638113 composite?
False
Is 4151408587 a composite number?
True
Is 61779566881 a composite number?
False
Is 185442967 a composite number?
False
Is 1894958353 composite?
False
Is 1781444411 prime?
True
Is 167742910187 composite?
True
Is 770047743 a prime number?
False
Is 1254747607 composite?
True
Is 2162418847 a composite number?
False
Is 168498846611 a prime number?
True
Is 10214643266 a prime number?
False
Is 1113233053 prime?
False
Is 6178779371 a composite number?
False
Is 1256805229 prime?
False
Is 593687537 composite?
False
Is 3197975083 a prime number?
False
Is 100570452209 a composite number?
True
Is 97623822773 a composite number?
False
Is 351593863 composite?
True
Is 11533806611 a prime number?
False
Is 566738521 a prime number?
False
Is 6632532839 composite?
True
Is 3482433307 a composite number?
True
Is 2347218739 prime?
True
Is 68640503109 prime?
False
Is 54008024689 a prime number?
True
Is 1384404181 a composite number?
False
Is 15819143471 prime?
True
Is 1445664907 composite?
False
Is 20412966097 a composite number?
False
Is 1583396333 prime?
True
Is 16211834581 a composite number?
True
Is 6807142757 prime?
True
Is 17410311169 a prime number?
True
Is 3296848133 prime?
False
Is 4163820169 composite?
False
Is 773498359 composite?
True
Is 291359807 a composite number?
True
Is 40026907823 prime?
False
Is 516900019 a composite number?
True
Is 1038725477 composite?
True
Is 64252492849 prime?
True
Is 66266104451 prime?
True
Is 1275694631 composite?
True
Is 4486628719 a prime number?
False
Is 1594889173 a prime number?
True
Is 6943916063 a prime number?
False
Is 15092241019 a prime number?
True
Is 8523966193 composite?
False
Is 8459539379 a composite number?
False
Is 7499899 a composite number?
True
Is 70121461 prime?
True
Is 5358954343 prime?
False
Is 2783170877 a composite number?
True
Is 154709585257 composite?
True
Is 42842813509 prime?
True
Is 2022828907 composite?
True
Is 543693859 a prime number?
False
Is 2522678267 prime?
True
Is 18748452313 a composite number?
True
Is 1924372279 a composite number?
True
Is 15576341471 a composite number?
False
Is 3497036197 a composite number?
False
Is 418410479 prime?
True
Is 1422916663 a prime number?
False
Is 568061111 composite?
True
Is 58575944489 a composite number?
False
Is 14343508565 prime?
False
Is 57673068511 composite?
True
Is 59416343143 prime?
True
Is 1377600799 prime?
True
Is 362426305 a prime number?
False
Is 6659956909 a prime number?
True
Is 82667963201 prime?
True
Is 29798027165 prime?
False
Is 552551741 a composite number?
True
Is 2304956833 a prime number?
False
Is 53200009 a composite number?
False
Is 7642246451 a prime number?
False
Is 6948403139 composite?
True
Is 9700150667 a composite number?
True
Is 17897482949 a prime number?
True
Is 135283751503 a prime number?
True
Is 12588467809 composite?
False
Is 6551802991 a prime number?
True
Is 8900983353 prime?
False
Is 2237158267 prime?
True
Is 3244085549 a prime number?
True
Is 1371287419 a prime number?
True
Is 129348607799 composite?
True
Is 361076854937 composite?
False
Is 853166647 prime?
True
Is 591604213 prime?
True
Is 1092544553 prime?
False
Is 15709828769 prime?
True
Is 39968681 a prime number?
True
Is 584293733 prime?
False
Is 426138067 a composite number?
False
Is 1112617967 composite?
False
Is 111839062711 a composite number?
False
Is 1256667989 prime?
False
Is 1364044807 prime?
True
Is 43952079307 a composite number?
False
Is 567223367 a prime number?
True
Is 559677707 composite?
False
Is 93393751 composite?
True
Is 10300114463 a composite number?
False
Is 11484696553 prime?
False
Is 2458195199 prime?
True
Is 612347509 prime?
True
Is 7190642651 a prime number?
False
Is 253307951 prime?
False
Is 198529894327 a prime number?
True
Is 99572768717 a prime number?
True
Is 13177628419 prime?
True
Is 21613729 a composite number?
True
Is 1580619239 a composite number?
False
Is 2793803707 composite?
False
Is 2722509341 a prime number?
False
Is 3776531497 composite?
False
Is 225461779 composite?
False
Is 1715024713 prime?
True
Is 50758269823 a prime number?
True
Is 479385445505 prime?
False
Is 119829877 a prime number?
False
Is 46516297211 composite?
True
Is 26727475771 composite?
False
Is 940257133 a composite number?
True
Is 62589838681 a composite number?
True
Is 35127711367 prime?
False
Is 15005658847 a composite number?
True
Is 1746011185 a prime number?
False
Is 102895979 a composite number?
False
Is 17497596217 a composite number?
True
Is 141975206 a prime number?
False
Is 9809043787 prime?
True
Is 3177524753 prime?
False
Is 3945545081 prime?
False
Is 11364107879 a composite number?
True
Is 809822471 prime?
False
Is 35357641051 a composite number?
False
Is 213026881 composite?
True
Is 740851115 a composite number?
True
Is 1082404607 a prime number?
True
Is 15453324317 a prime number?
True
Is 530252476747 a composite number?
True
Is 56229855643 a prime number?
False
Is 12121273 a prime number?
True
Is 7880260787 composite?
True
Is 33616466237 prime?
True
Is 78746074817 prime?
True
Is 6050231437 composite?
True
Is 5259581981 a prime number?
False
Is 23119223065 a prime number?
False
Is 21058467779 a composite number?
False
Is 2467255321 a prime number?
True
Is 22817834219 prime?
False
Is 5936382467 composite?
False
Is 751417813 prime?
False
Is 12867397903 composite?
True
Is 6583898387 a composite number?
True
Is 20964806446 prime?
False
Is 2948290997 prime?
False
Is 403563409 prime?
True
Is 455250167 prime?
True
Is 2485415357 a composite number?
True
Is 1123668961 prime?
True
Is 2977895617 prime?
True
Is 82014423137 prime?
False
Is 10697181917 composite?
True
Is 16626181541 a composite number?
True
Is 4421731289 prime?
True
Is 1237055119 a composite number?
False
Is 